{"id":171,"date":"2011-04-10T11:06:42","date_gmt":"2011-04-10T09:06:42","guid":{"rendered":"http:\/\/www.suntekinternational.com\/?page_id=171"},"modified":"2011-04-27T18:46:37","modified_gmt":"2011-04-27T16:46:37","slug":"egitim","status":"publish","type":"page","link":"https:\/\/www.suntekinternational.com\/turkish\/proje-ve-teknoloji-hizmetleri\/egitim\/","title":{"rendered":"E\u011fitim"},"content":{"rendered":"<p><a href=\"https:\/\/www.suntekinternational.com\/turkish\/wp-content\/uploads\/2011\/04\/Egitim.jpg\"><img loading=\"lazy\" class=\"alignnone size-full wp-image-385\" style=\"border: 1px solid black;\" title=\"E\u011fitim\" src=\"https:\/\/www.suntekinternational.com\/turkish\/wp-content\/uploads\/2011\/04\/Egitim.jpg\" alt=\"\" width=\"600\" height=\"400\" srcset=\"https:\/\/www.suntekinternational.com\/turkish\/wp-content\/uploads\/2011\/04\/Egitim.jpg 600w, https:\/\/www.suntekinternational.com\/turkish\/wp-content\/uploads\/2011\/04\/Egitim-300x200.jpg 300w\" sizes=\"(max-width: 600px) 100vw, 600px\" \/><\/a><br \/>Ba\u015fta enerji konusunda olmak \u00fczere, istek do\u011frultusunda \u00e7e\u015fitli e\u011fitim programlar\u0131 organize edilebilir.<\/p>\n<p>ABD sayg\u0131n \u00dcniversitelerinden \u00f6\u011fretim \u00fcyeleri ile a\u015fa\u011f\u0131daki konularda e\u011fitim programlar\u0131, kurslar d\u00fczenlenecek ve duyurulacakt\u0131r:<\/p>\n<p>&#8211; Ye\u015fil \u00c7at\u0131 Temel Bilgileri ve Uygulamalar\u0131<\/p>\n<p>&#8211; Yeni Nesil Is\u0131 De\u011fi\u015ftiricileri<\/p>\n<p>&#8211; Konutlar ve Ticari Binalar i\u00e7in Enerji Denetleme<\/p>\n<p>&#8211; E\u011fitim<\/p>\n","protected":false},"excerpt":{"rendered":"<p>Ba\u015fta enerji konusunda olmak \u00fczere, istek do\u011frultusunda \u00e7e\u015fitli e\u011fitim programlar\u0131 organize edilebilir. ABD sayg\u0131n \u00dcniversitelerinden \u00f6\u011fretim \u00fcyeleri ile a\u015fa\u011f\u0131daki konularda e\u011fitim programlar\u0131, kurslar d\u00fczenlenecek ve duyurulacakt\u0131r: &#8211; Ye\u015fil \u00c7at\u0131 Temel Bilgileri ve Uygulamalar\u0131 &#8211; Yeni Nesil Is\u0131 De\u011fi\u015ftiricileri &#8211; Konutlar ve Ticari Binalar i\u00e7in Enerji Denetleme &#8211; E\u011fitim<\/p>\n","protected":false},"author":75,"featured_media":0,"parent":154,"menu_order":0,"comment_status":"open","ping_status":"closed","template":"","meta":[],"_links":{"self":[{"href":"https:\/\/www.suntekinternational.com\/turkish\/wp-json\/wp\/v2\/pages\/171"}],"collection":[{"href":"https:\/\/www.suntekinternational.com\/turkish\/wp-json\/wp\/v2\/pages"}],"about":[{"href":"https:\/\/www.suntekinternational.com\/turkish\/wp-json\/wp\/v2\/types\/page"}],"author":[{"embeddable":true,"href":"https:\/\/www.suntekinternational.com\/turkish\/wp-json\/wp\/v2\/users\/75"}],"replies":[{"embeddable":true,"href":"https:\/\/www.suntekinternational.com\/turkish\/wp-json\/wp\/v2\/comments?post=171"}],"version-history":[{"count":5,"href":"https:\/\/www.suntekinternational.com\/turkish\/wp-json\/wp\/v2\/pages\/171\/revisions"}],"predecessor-version":[{"id":387,"href":"https:\/\/www.suntekinternational.com\/turkish\/wp-json\/wp\/v2\/pages\/171\/revisions\/387"}],"up":[{"embeddable":true,"href":"https:\/\/www.suntekinternational.com\/turkish\/wp-json\/wp\/v2\/pages\/154"}],"wp:attachment":[{"href":"https:\/\/www.suntekinternational.com\/turkish\/wp-json\/wp\/v2\/media?parent=171"}],"curies":[{"name":"wp","href":"https:\/\/api.w.org\/{rel}","templated":true}]}}